rs of 83785.
5, 13, 1289
What are the prime factors of 77958?
2, 3, 61, 71
What are the prime factors of 9446?
2, 4723
What are the prime factors of 759?
3, 11, 23
What are the prime factors of 287?
7, 41
List the prime factors of 307.
307
What are the prime factors of 138286?
2, 69143
List the prime factors of 3127.
53, 59
List the prime factors of 769.
769
List the prime factors of 51187.
17, 3011
What are the prime factors of 1380?
2, 3, 5, 23
List the prime factors of 17732.
2, 11, 13, 31
What are the prime factors of 1378?
2, 13, 53
List the prime factors of 85684.
2, 31, 691
List the prime factors of 19787.
47, 421
What are the prime factors of 3506?
2, 1753
List the prime factors of 525.
3, 5, 7
List the prime factors of 16019.
83, 193
List the prime factors of 11428.
2, 2857
List the prime factors of 272.
2, 17
What are the prime factors of 454?
2, 227
List the prime factors of 86256.
2, 3, 599
What are the prime factors of 1160?
2, 5, 29
List the prime factors of 1256.
2, 157
What are the prime factors of 1212?
2, 3, 101
What are the prime factors of 3268?
2, 19, 43
List the prime factors of 2100.
2, 3, 5, 7
List the prime factors of 2976.
2, 3, 31
What are the prime factors of 898?
2, 449
List the prime factors of 19700.
2, 5, 197
List the prime factors of 86.
2, 43
List the prime factors of 259.
7, 37
List the prime factors of 72.
2, 3
What are the prime factors of 53414?
2, 17, 1571
What are the prime factors of 42377?
31, 1367
What are the prime factors of 880?
2, 5, 11
What are the prime factors of 65494?
2, 11, 13, 229
What are the prime factors of 4748?
2, 1187
What are the prime factors of 62013?
3, 7, 2953
List the prime factors of 410.
2, 5, 41
List the prime factors of 2157.
3, 719
What are the prime factors of 104118?
2, 3, 7, 37, 67
List the prime factors of 1749.
3, 11, 53
List the prime factors of 27228.
2, 3, 2269
List the prime factors of 68080.
2, 5, 23, 37
What are the prime factors of 11576?
2, 1447
What are the prime factors of 6859?
19
List the prime factors of 4260.
2, 3, 5, 71
What are the prime factors of 1747?
1747
What are the prime factors of 747?
3, 83
List the prime factors of 449.
449
What are the prime factors of 2371?
2371
What are the prime factors of 2286?
2, 3, 127
List the prime factors of 18109.
7, 13, 199
List the prime factors of 22311.
3, 37, 67
What are the prime factors of 292?
2, 73
What are the prime factors of 24180?
2, 3, 5, 13, 31
What are the prime factors of 40035?
3, 5, 17, 157
What are the prime factors of 2244?
2, 3, 11, 17
List the prime factors of 7645.
5, 11, 139
What are the prime factors of 7236?
2, 3, 67
What are the prime factors of 143024?
2, 7, 1277
List the prime factors of 46852.
2, 13, 17, 53
List the prime factors of 2948.
2, 11, 67
List the prime factors of 17653.
127, 139
What are the prime factors of 146?
2, 73
What are the prime factors of 16569?
3, 7, 263
List the prime factors of 1745.
5, 349
List the prime factors of 2426.
2, 1213
What are the prime factors of 914?
2, 457
List the prime factors of 84.
2, 3, 7
List the prime factors of 1233.
3, 137
List the prime factors of 162.
2, 3
List the prime factors of 26899.
37, 727
What are the prime factors of 39141?
3, 4349
List the prime factors of 19074.
2, 3, 11, 17
List the prime factors of 2399.
2399
What are the prime factors of 782?
2, 17, 23
List the prime factors of 11842.
2, 31, 191
What are the prime factors of 3334?
2, 1667
What are the prime factors of 1796?
2, 449
What are the prime factors of 60792?
2, 3, 17, 149
List the prime factors of 104676.
2, 3, 11, 13, 61
What are the prime factors of 45696?
2, 3, 7, 17
List the prime factors of 476.
2, 7, 17
List the prime factors of 402.
2, 3, 67
What are the prime factors of 1948?
2, 487
What are the prime factors of 8594?
2, 4297
What are the prime factors of 21431?
29, 739
List the prime factors of 27041.
7, 3863
List the prime factors of 21550.
2, 5, 431
What are the prime factors of 19361?
19, 1019
List the prime factors of 15557.
47, 331
List the prime factors of 6035.
5, 17, 71
List the prime factors of 2424.
2, 3, 101
List the prime factors of 15086.
2, 19, 397
List the prime factors of 25083.
3, 929
What are the prime factors of 11272?
2, 1409
List the prime factors of 1303.
1303
List the prime factors of 4022.
2, 2011
List the prime factors of 861.
3, 7, 41
What are the prime factors of 1696?
2, 53
List the prime factors of 8904.
2, 3, 7, 53
What are the prime factors of 935?
5, 11, 17
List the prime factors of 5352.
2, 3, 223
List the prime factors of 8712.
2, 3, 11
What are the prime factors of 67996?
2, 89, 191
What are the prime factors of 3740?
2, 5, 11, 17
List the prime factors of 2115.
3, 5, 47
List the prime factors of 939.
3, 313
List the prime factors of 126156.
2, 3, 10513
List the prime factors of 3807.
3, 47
List the prime factors of 36680.
2, 5, 7, 131
List the prime factors of 2324.
2, 7, 83
What are the prime factors of 3215?
5, 643
What are the prime factors of 11565?
3, 5, 257
What are the prime factors of 7030?
2, 5, 19, 37
What are the prime factors of 174128?
2, 10883
List the prime factors of 3206.
2, 7, 229
List the prime factors of 785.
5, 157
List the prime factors of 118571.
118571
What are the prime factors of 85930?
2, 5, 13, 661
List the prime factors of 2604.
2, 3, 7, 31
List the prime factors of 27575.
5, 1103
What are the prime factors of 461?
461
List the prime factors of 178.
2, 89
What are the prime factors of 32083?
32083
What are the prime factors of 24832?
2, 97
What are the prime factors of 79089?
3, 41, 643
What are the prime factors of 59549?
7, 47, 181
What are the prime factors of 501?
3, 167
What are the prime factors of 16414?
2, 29, 283
What are the prime factors of 367?
367
List the prime factors of 33822.
2, 3, 1879
What are the prime factors of 130911?
3, 11, 3967
List the prime factors of 10723.
10723
List the prime factors of 74867.
13, 443
List the prime factors of 1444.
2, 19
What are the prime factors of 5436?
2, 3, 151
List the prime factors of 1588.
2, 397
What are the prime factors of 2913?
3, 971
What are the prime factors of 889?
7, 127
What are the prime factors of 10614?
2, 3, 29, 61
What are the prime factors of 58831?
58831
List the prime factors of 1148.
2, 7, 41
What are the prime factors of 2345?
5, 7, 67
What are the prime factors of 2757?
3, 919
What are the prime factors of 371?
7, 53
List the prime factors of 7375.
5, 59
List the prime factors of 1955.
5, 17, 23
List the prime factors of 76638.
2, 3, 53, 241
What are the prime factors of 16982?
2, 7, 1213
List the prime factors of 857.
857
What are the prime factors of 1616?
2, 101
What are the prime factors of 1334?
2, 23, 29
What are the prime factors of 58530?
2, 3, 5, 1951
What are the prime factors of 5643?
3, 11, 19
List the prime factors of 243.
3
List the prime factors of 2798.
2, 1399
List the prime factors of 42586.
2, 107, 199
List the prime factors of 79007.
41, 47
List the prime factors of 31115.
5, 7, 127
What are the prime factors of 20276?
2, 37, 137
List the prime factors of 44873.
23, 1951
What are the prime factors of 1204?
2, 7, 43
List the prime factors of 1205.
5, 241
What are the prime factors of 14641?
11
List the prime factors of 6678.
2, 3, 7, 53
What are the prime factors of 35060?
2, 5, 1753
List the prime factors of 2632.
2, 7, 47
What are the prime factors of 20219?
20219
What are the prime factors of 7779?
3, 2593
What are the prime factors of 7939?
17, 467
List the prime factors of 80271.
3, 991
What are the prime factors of 12867?
3, 4289
What are the prime factors of 2906?
2, 1453
List the prime factors of 151343.
151343
List the prime factors of 139430.
2, 5, 73, 191
List the prime factors of 6922.
2, 3461
What are the prime factors of 1019?
1019
What are the prime factors of 160813?
160813
List the prime factors of 10831.
10831
List the prime factors of 26124.
2, 3, 7, 311
List the prime factors of 255.
3, 5, 17
What are the prime factors of 1789?
1789
List the prime factors of 2996.
2, 7, 107
What are the prime factors of 7960?
2, 5, 199
What are the prime factors of 1330?
2, 5, 7, 19
What are the prime factors of 1732?
2, 433
What are the prime factors of 504?
2, 3, 7
What are the prime fac